4023 a multiple of 9?
True
Is 2708 a multiple of 83?
False
Is 6903 a multiple of 84?
False
Does 25 divide 275?
True
Is 720 a multiple of 16?
True
Is 494 a multiple of 25?
False
Is 3292 a multiple of 89?
False
Is 851 a multiple of 37?
True
Is 21 a factor of 21139?
False
Is 4175 a multiple of 18?
False
Is 51512 a multiple of 188?
True
Is 11 a factor of 241?
False
Is 5880 a multiple of 14?
True
Is 52 a factor of 2011?
False
Is 9245 a multiple of 78?
False
Is 6705 a multiple of 6?
False
Is 7 a factor of 1329?
False
Is 7 a factor of 224?
True
Does 4 divide 1612?
True
Is 33070 a multiple of 135?
False
Is 11 a factor of 1653?
False
Does 20 divide 40?
True
Is 27 a factor of 162?
True
Does 55 divide 1033?
False
Does 128 divide 68570?
False
Does 10 divide 1178?
False
Does 28 divide 16489?
False
Does 7 divide 21?
True
Is 4920 a multiple of 12?
True
Is 190 a multiple of 2?
True
Does 24 divide 34?
False
Is 53 a factor of 52412?
False
Is 9 a factor of 1243?
False
Is 55 a factor of 1090?
False
Does 14 divide 2620?
False
Is 486 a multiple of 27?
True
Is 40 a factor of 760?
True
Is 17 a factor of 1444?
False
Is 4 a factor of 535?
False
Does 62 divide 142?
False
Is 23016 a multiple of 28?
True
Is 39 a factor of 20359?
False
Is 406 a multiple of 12?
False
Does 9 divide 101?
False
Is 17 a factor of 3621?
True
Is 70 a factor of 6091?
False
Is 7280 a multiple of 13?
True
Is 31 a factor of 14291?
True
Is 2044 a multiple of 110?
False
Is 32 a factor of 17806?
False
Is 7500 a multiple of 100?
True
Is 95 a factor of 39140?
True
Is 12064 a multiple of 29?
True
Is 13 a factor of 3536?
True
Is 999 a multiple of 3?
True
Is 11 a factor of 1540?
True
Is 11 a factor of 1004?
False
Is 97 a factor of 4171?
True
Does 17 divide 11220?
True
Does 31 divide 15438?
True
Does 227 divide 19522?
True
Is 96 a factor of 192?
True
Is 6 a factor of 18701?
False
Is 5346 a multiple of 66?
True
Is 18105 a multiple of 15?
True
Is 9 a factor of 344?
False
Is 581 a multiple of 83?
True
Is 12 a factor of 6150?
False
Does 64 divide 586?
False
Does 81 divide 1027?
False
Is 11 a factor of 21318?
True
Is 66 a multiple of 22?
True
Is 90 a factor of 450?
True
Does 83 divide 3362?
False
Is 20 a multiple of 20?
True
Does 8 divide 1831?
False
Does 34 divide 408?
True
Does 42 divide 252?
True
Is 4 a factor of 235?
False
Is 37608 a multiple of 18?
False
Is 12910 a multiple of 5?
True
Does 8 divide 916?
False
Does 30 divide 8827?
False
Does 159 divide 34185?
True
Is 26 a factor of 650?
True
Is 123921 a multiple of 49?
True
Is 61 a factor of 671?
True
Is 37 a factor of 2801?
False
Is 47 a factor of 1542?
False
Is 12807 a multiple of 19?
False
Does 7 divide 756?
True
Is 14 a factor of 8694?
True
Is 333 a factor of 43623?
True
Is 3552 a multiple of 32?
True
Does 18 divide 999?
False
Is 26 a factor of 1923?
False
Does 3 divide 39412?
False
Is 2222 a multiple of 22?
True
Is 18641 a multiple of 205?
False
Is 2 a factor of 2502?
True
Is 5200 a multiple of 16?
True
Does 21 divide 210?
True
Is 70 a factor of 8260?
True
Is 2 a factor of 10?
True
Is 68 a factor of 4757?
False
Does 11 divide 29777?
True
Is 10 a factor of 22?
False
Does 10 divide 9870?
True
Is 17 a factor of 16507?
True
Is 7 a factor of 966?
True
Is 64 a factor of 42185?
False
Is 9844 a multiple of 107?
True
Is 433 a multiple of 20?
False
Does 23 divide 8050?
True
Does 110 divide 1849?
False
Is 47 a factor of 5755?
False
Does 99 divide 1696?
False
Is 37 a factor of 285?
False
Does 28 divide 252?
True
Is 7 a factor of 3045?
True
Is 65 a factor of 50050?
True
Is 73 a factor of 883?
False
Is 10 a factor of 9553?
False
Is 2 a multiple of 2?
True
Is 13865 a multiple of 22?
False
Is 2826 a multiple of 5?
False
Is 650 a multiple of 13?
True
Does 16 divide 4720?
True
Is 13 a factor of 14657?
False
Is 4075 a multiple of 135?
False
Is 13 a factor of 676?
True
Is 19 a factor of 5719?
True
Is 76 a factor of 400?
False
Is 5384 a multiple of 24?
False
Does 18 divide 5436?
True
Is 143 a multiple of 11?
True
Does 58 divide 23691?
False
Does 8 divide 478?
False
Does 42 divide 16929?
False
Is 29 a factor of 87?
True
Is 88 a multiple of 44?
True
Is 516 a multiple of 6?
True
Is 6143 a multiple of 46?
False
Does 16 divide 448?
True
Does 13 divide 23140?
True
Does 28 divide 9072?
True
Is 821 a multiple of 32?
False
Is 160 a multiple of 20?
True
Is 10200 a multiple of 40?
True
Is 5032 a multiple of 148?
True
Does 13 divide 29567?
False
Is 36 a factor of 8162?
False
Is 16080 a multiple of 29?
False
Does 5 divide 1262?
False
Is 22280 a multiple of 39?
False
Is 18 a factor of 141948?
True
Is 66995 a multiple of 115?
False
Does 2 divide 184?
True
Is 4949 a multiple of 7?
True
Does 6 divide 1536?
True
Is 20904 a multiple of 52?
True
Is 1241 a multiple of 17?
True
Is 303 a multiple of 23?
False
Is 108 a factor of 135000?
True
Does 4 divide 536?
True
Does 23 divide 13875?
False
Is 328 a multiple of 7?
False
Is 13 a factor of 936?
True
Is 30 a factor of 1506?
False
Does 26 divide 41?
False
Is 48 a factor of 51168?
True
Is 43412 a multiple of 102?
False
Is 11 a factor of 24810?
False
Is 218 a multiple of 5?
False
Is 33 a factor of 12712?
False
Does 37 divide 1172?
False
Does 10 divide 523?
False
Is 9482 a multiple of 21?
False
Is 23 a factor of 2390?
False
Does 21 divide 294?
True
Is 2247 a multiple of 11?
False
Is 47 a factor of 2820?
True
Does 3 divide 285?
True
Does 154 divide 6023?
False
Does 6 divide 16?
False
Does 19 divide 681?
False
Does 16 divide 11284?
False
Is 18 a factor of 792?
True
Is 8618 a multiple of 8?
False
Does 21 divide 525?
True
Does 89 divide 3249?
False
Does 33 divide 1489?
False
Is 93 a factor of 4633?
False
Does 24 divide 8766?
False
Does 2 divide 59?
False
Does 8 divide 460?
False
Does 40 divide 19480?
True
Is 97 a factor of 3298?
True
Is 879 a multiple of 5?
False
Does 166 divide 34966?
False
Does 8 divide 15893?
False
Is 62 a factor of 2404?
False
Is 25784 a multiple of 22?
True
Is 288 a multiple of 6?
True
Is 1960 a multiple of 70?
True
Is 1071 a multiple of 21?
True
Is 7140 a multiple of 30?
True
Is 6105 a multiple of 167?
False
Is 74 a multiple of 14?
False
Does 28 divide 9617?
False
Does 19 divide 432?
False
Is 92 a factor of 2083?
False
Does 34 divide 938?
False
Is 18983 a multiple of 116?
False
Is 78112 a multiple of 32?
True
Is 640 a multiple of 65?
False
Does 51 divide 22083?
True
Is 345 a multiple of 68?
False
Is 27723 a multiple of 134?
False
Is 3 a factor of 3021?
True
Is 599 a multiple of 6?
False
Is 30296 a multiple of 22?
False
Is 120 a multiple of 20?
True
Is 13384 a multiple of 108?
False
Does 47 divide 802?
False
Does 32 divide 533?
False
Is 16 a factor of 1417?
False
Is 13587 a multiple of 5?
False
Does 39 divide 8190?
True
Does 13 divide 1709?
False
Is 11 a factor of 40381?
True
Is 2142 a multiple of 7?
True
Is 49 a factor of 11809?
True
Is 31820 a multiple of 118?
False
Does 37 divide 2003?
False
Is 94 a factor of 35156?
True
Does 38 divide 1224?
False
Is 23 a factor of 161?
True
Does 26 divide 1813?
False
Is 608 a multiple of 7?
False
Does 43 divide 159?
False
Is 466 a multiple of 16?
False
Does 3 divide 63?
True
Is 54864 a multiple of 54?
True
Is 6 a factor of 755?
False
Does 22 divide 357?
False
Is 12 a factor of 257?
False
Is 35 a multiple of 7?
True
Is 40 a factor of 404?
False
Does 18 divide 6912?
True
Does 36 divide 395?
False
Does 142 divide 1838?
False
Does 37 divide 930?
False
Is 6465 a multiple of 73?
False
Is 170 a factor of 13090?
True
Does 7 divide 359?
False
Is 16 a factor of 177?
False
Does 57 divide 334?
False
Is 10 a factor of 257?
False
Is 13 a factor of 226?
False
Is 7719 a multiple of 5?
False
Is 8 a factor of 29?
False
Is 232 a factor of 11832?
True
Does 30 divide 3204?
False
Does 84 divide 75720?
False
Is 88 a factor of 1352?
False
Is 39429 a multiple of 13?
True
Is 220 a multiple of 110?
True
Is 1883 a multiple of 33?
False
Is 10 a factor of 9319?
False
Is 528 a multiple of 11?
True
Is 69 a factor of 30222?
True
Is 41 a factor of 15109?
False
Is 8843 a multiple of 368?
False
Is 358 a multiple of 14?
False
Is 2867 a multiple of 2?
False
Is 33 a factor of 8075?
False
Is 375 a multiple of 3?
True
Does 11 divide 1487?
False
Is 120 a factor of 53331?
False
Does 2 divide 183?
False
Is 27 a factor of 486?
True
Is 60 